f -s**5/4 - s**4/12 + s**3/3 - s**2/2 + 9*s. What is d(1)?
-5
Let a = 25 + -15. Suppose -4*b + 10 = 3*g, 3*g - a = -2*b - g. Let t(p) be the first derivative of 5*p**3/3 - p - 10. Calculate t(b).
4
Let w(s) = s + 1. Suppose 6*q - q + 20 = 0. What is w(q)?
-3
Let g(u) = u**3 + u**2 - 4*u + 3. Let m be (-4)/((-1 - 0)/1). Suppose -z = 4*v - 2*z, z = -5*v. Suppose -i + 3*i - m = v. Give g(i).
7
Let z(a) = -a - 9 + 2 + 2. Give z(-5).
0
Let w(x) be the first derivative of -5*x**2/2 - 16. Give w(-1).
5
Let f(o) be the second derivative of o**8/6720 + o**7/2520 - o**5/120 - 7*o**4/12 + 3*o. Let h(b) be the third derivative of f(b). What is h(-2)?
-5
Let b(n) be the first derivative of -n**2/2 + 3*n + 16. Determine b(9).
-6
Let m = -10 + 9. Let s(k) be the first derivative of 2/3*k**3 - k - 1/2*k**2 - 1. What is s(m)?
2
Let r(k) = -k**2 - 3*k. Let u be r(-3). Suppose u = -3*i - 2 - 7. Let y(x) be the second derivative of -x**3/2 - 3*x**2/2 + 3*x. Give y(i).
6
Suppose -4*x = 4*l - 24, l + 24 = 4*x + 3*l. Let a(v) = 4*v - 9. Determine a(x).
15
Let b(x) = 5*x**3. Let d be b(1). Let i = 11 - d. Suppose y - 20 = i*y. Let o(v) = v**2 + 3*v + 2. Determine o(y).
6
Let a(m) be the third derivative of -m**5/60 + m**4/24 - m**3/3 + 5*m**2. Calculate a(4).
-14
Let q(s) = -s + 1. Let i(c) = 10*c - 4. Let w(n) = -i(n) - 6*q(n). Determine w(-5).
18
Let l(t) be the first derivative of t**4/4 - 5*t**3/3 + 2*t**2 + 2*t + 1. Let i be 4 + (-1 - -1)/(-2). Determine l(i).
2
Let c(k) = 7*k + 6. Let s(p) = -8*p - 7. Let g(r) = 4*c(r) + 3*s(r). Let b be (0 - -2)/((-2)/(-12)*-4). Determine g(b).
-9
Let t(m) = -m**3 - 3*m**2 - 4*m + 1. Let r = -2 + -1. Determine t(r).
13
Let n(p) be the second derivative of -p**5/20 - 7*p**4/12 + p**3/3 - 9*p**2/2 - 55*p. Determine n(-7).
-23
Let b(g) = g**2 + 3*g - 5. Let l(x) = -2*x**2 - 6*x + 9. Let s(k) = 5*b(k) + 2*l(k). Give s(-5).
3
Suppose -5*p = -4*p - 4. Suppose 37 = 3*d - 5*m, -3*d + m = -9 - 8. Suppose -4*r = -p, 0 = 9*n - d*n - 5*r - 20. Let k(l) = -l**3 + 5*l**2 - 2*l + 4. Give k(n).
-6
Let b = -8 + 2. Let t(f) = 4*f + 2. Let w(p) = -7*p - 4. Let m(r) = -5*t(r) - 3*w(r). Determine m(b).
-4
Let o(h) = -h**3 + 0*h - 1 + 4*h**2 + 2 - h. Calculate o(3).
7
Let v(t) be the first derivative of t**4/2 + t**3/3 - t**2/2 - t + 4. What is v(-1)?
-1
Suppose -2*v = 2*z, 0*v - 5*z = -4*v + 45. Let j(b) = b**3 - 4*b**2 - 6*b. What is j(v)?
-5
Let u(j) = 4*j + 1. Let a(k) = -k**2 + 10*k - 22. Let t be a(7). What is u(t)?
-3
Let r be (-4)/((3 - 7)/(-2)). Let l be 0/r + -10 + 13. Let n(x) = -x**2 + 3*x + 2. What is n(l)?
2
Let n(s) = s**2 - 7*s - 7. Suppose 0*o = o - 7. Give n(o).
-7
Let j = 1 + 1. Let c(s) = 2*s**2 - 2*s. Calculate c(j).
4
Let c(g) = -g**2 - 2*g + 6. Suppose 8*f = 10*f + 10. What is c(f)?
-9
Let j = -8 - -5. Let m(l) = l**3 - 2*l**2 + 6. Let x(w) = w**3 + 0 + 3*w**2 - 3*w**2 - 3*w**2 + 5. Let h(y) = j*m(y) + 2*x(y). Determine h(0).
-8
Suppose -10 = -5*z + 20. Let x(d) = d**2 - 7*d + 7. Determine x(z).
1
Let w = 7 - 5. Let n(m) = -m + 0*m**w + 4 - 2*m**2 + 3*m**2. What is n(0)?
4
Let c(k) = 2*k**3 - 5*k**2 + k - 3. Let r(x) = -5*x**3 + 15*x**2 - 3*x + 10. Let l(m) = -m**2 - 7*m + 3. Let f be l(-7). Let t(i) = f*r(i) + 8*c(i). Give t(-5).
11
Let a(c) = -2*c. Let m be -1 + (1 - 1) - -5. What is a(m)?
-8
Let o(u) be the second derivative of u**6/120 + u**5/30 - 5*u**4/24 - 2*u**3/3 + u**2/2 + 4*u. Let a(m) be the first derivative of o(m). Determine a(-3).
2
Let s(w) = 2*w**2 + 7*w**2 - 3*w - w**3 - w**2 - 8. Determine s(7).
20
Let c(y) be the second derivative of 0 - 1/2*y**2 + 1/12*y**4 - 5/6*y**3 - 2*y. Let x be (4 - -1)/(5 - 4). What is c(x)?
-1
Let q(v) be the third derivative of v**6/120 + v**5/30 - v**4/8 - v**3/2 + 26*v**2. Let y = -3 - 0. Give q(y).
-3
Suppose -15 = 5*z, -4*j - 4*z = -0 + 4. Suppose 3*s = -5*c + j*s + 28, 3*c + 5*s - 8 = 0. Let i(o) = -o**2 + 6*o + 3. Determine i(c).
3
Suppose -2*z - 10 = -4*z, -4*i = -3*z - 1. Suppose i*t - 15 = -t. Let d(r) = -418 + 143 + 137 + 140 - 4*r. What is d(t)?
-10
Let p(i) = -8 + i + 4*i**2 + i**3 - 2*i - 11 + 14. Determine p(-4).
-1
Suppose -5*y + 6*y = 0. Suppose 5*l - 9 = u, 4*u - l + 0 + 17 = y. Let c(t) = t**3 + 4*t**2 - t + 1. Calculate c(u).
5
Let y(d) be the third derivative of d**6/120 - d**5/15 - d**3/2 + d**2. Let h = -34 + 38. Calculate y(h).
-3
Let u(b) = b**3 + 2*b**2 + 2. Let y(h) = -5*h + 7. Let m be y(2). What is u(m)?
-7
Let k = -6 - -2. Let b(y) = -3 + 5 - y - 5. Calculate b(k).
1
Let n = 4 + -2. Let d(k) = 4 - 4*k**2 + k**n + 5*k**3 - 6*k**3. Let v be d(-3). Let w(y) = -y**2 + 5*y - 3. Determine w(v).
1
Let a(o) = -o**2 - 5*o + 5. Suppose 7 + 9 = 4*s. Suppose z + 25 = -s*z. Calculate a(z).
5
Let s(v) = v**2 - v - 1. Let y(g) = -8*g**2 + 2*g + 1. Let a(f) = -4*s(f) - y(f). Give a(-2).
15
Let m(b) be the first derivative of -b**6/60 + b**5/30 + b**4/12 - b**3/6 + 9*b**2/2 + 1. Let c(s) be the second derivative of m(s). Give c(2).
-5
Let f be (-4)/6 - 2/(-3). Suppose 2*z + z = f. Let y(q) = -q. What is y(z)?
0
Let g(h) = 4*h**3 + h - 1. Let u = 3 - 1. Suppose 0*s + u*s = -4. Let j(l) = l**2 + l - 1. Let o be j(s). Calculate g(o).
4
Suppose 4*b - 7 - 1 = 0. Let r be (1/(-1))/(b/6). Let h(v) be the third derivative of -v**4/24 - v**3/3 + 5*v**2. Give h(r).
1
Suppose 0 = x + 4*s + 3, -5*s + 68 = -3*x + 8. Let w = -11 - x. Let a = w + 0. Let c(d) = -d**2 + 7*d - 5. Calculate c(a).
7
Let i(a) = 4*a - 2. Suppose -5*c - 2 - 17 = -3*f, 5*f + 15 = -c. Calculate i(c).
-22
Suppose 0 = 5*l - 3*l - 12. Let j(f) = -l*f + 3*f + 1 + 2*f. Let a be j(-4). Let y(d) = -d + 2. Give y(a).
-3
Suppose -5*n + 12 = -n. Suppose 7*r = n*r. Let i(v) = 4 + 4*v + 3*v**2 + r - 5*v - 2*v**2. Determine i(0).
4
Let c(g) = 4*g**2 + 0 + 7*g - 4*g**2 - 4 + g**2. What is c(-6)?
-10
Suppose 4*w - 8*w + 8 = 0. Let a(n) = -w + 2 + n + 1. What is a(3)?
4
Let p(z) = -z**2 + z + 1. Let w(k) = k**3 - 4*k. Let c(d) = -2*p(d) - w(d). Give c(-2).
10
Let q(r) = -4*r**2 + 7*r + 2*r**2 + 3*r**2. Let y = -34 + 31. Calculate q(y).
-12
Let c(h) = h**3 - 4*h**2 + 2*h - 3. Let g(s) = 5 - 2*s - 2*s**2 - 2 - s + 3*s**2. Let r be g(3). Give c(r).
-6
Let n(k) = 3*k + 3. Let x(h) = 1. Let m(o) = -n(o) - 3*x(o). Calculate m(-4).
6
Let v(h) = -2*h - h - 3*h - 4 - h**2. Let s(b) = -b**2 - 8*b - 4. Let m be s(-7). Suppose -d + 3*n - 1 + 4 = 0, 4*d + m*n + 33 = 0. Calculate v(d).
-4
Let k(g) = -g**3 + 8*g**2 - g + 2. Let p = -47 - -55. Give k(p).
-6
Suppose 3*u + u - 20 = 0, 2*w + 5*u = 29. Let r(z) = -z - 29 + 14 + z**2 + 0*z + 17. Give r(w).
4
Let z be 2 + (-1)/((-1)/(-1)). Let r(t) = t**3 - t**2 - t + 1. Let l(n) = 3*n**2 - 1. Let q be (-2)/(-8) + 15/(-12). Let h(o) = q*r(o) - l(o). Calculate h(z).
-2
Let v(g) = -g**3 + 5*g**2 - 6*g + 5. Let k(h) = -h**3 + 5*h**2 - 7*h + 6. Let z(b) = -4*k(b) + 5*v(b). Calculate z(4).
9
Let k(z) = z**3 + 3*z**2 - 5*z - 6. Let v = -28 - -52. Suppose -v = 4*l - 2*j, 3*j + 0*j - 28 = 4*l. Give k(l).
-2
Let t(v) = v + 1 + 0 - 4. Let f(s) = -s**2 - 6*s - 5. Let w be f(-5). Give t(w).
-3
Let j = -17 + 21. Let d(a) = -a**3 + 2*a**2 + 7*a - 6. What is d(j)?
-10
Let i(c) = 2*c + 9. Let t be i(-3). Let p(z) = 2*z**3 - 3*z**2 - 4. Determine p(t).
23
Let w(x) = x**3 - 4*x**2 + 5*x - 4. Let y = -61 + 64. Give w(y).
2
Let i(j) = -j - 5. Let x be i(-9). Let m(c) = -6 - 1 + x*c**2 + 4 + c**3 + c**2. Suppose -5 = -w + 2*w. Calculate m(w).
-3
Let v(f) be the second derivative of -f**7/840 - f**6/120 - f**5/60 - f**4/6 - f**3/2 - f. Let i(u) be the second derivative of v(u). What is i(-3)?
2
Let w(q) = -3*q**2 + 22*q + 17. Let u be w(8). Let s(h) = -4*h**2 + 1. What is s(u)?
-3
Let z(s) = s**2 + s - 155 + 155. Suppose 3*t - 2 - 4 = 0. Let o be -1*(1 - (t - 2)). Give z(o).
0
Let a(o) = -7 - 4*o**2 - 2*o + 4 + 2 - o**3. Suppose 3*q - q + 6 = 0. Let g be a(q). Let f(x) = x**3 + 3*x**2 - 4*x. Determine f(g).
0
Let v(y) = y**3 + y**2 - y - 1. Let w be v(-1). Suppose 0 = -5*u + 5*g + 25, 4*u = -w*g - 3*g + 6. Let r(x) = -4*x + 4. Give r(u).
-8
Let z(u) = 13*u**3 + 4*u**2 + 7. Let i(b) = -6*b**3 - 2*b**2 - 3. Let w(f) = 9*i(f) + 4*z(f). Determine w(-1).
1
Let y = 18 + -16. Let h(c) = 10*c - 7*c**y - 3*c + 6*c**2. Give h(4).
12
Let k(y) = y**3 - y. Suppose -3*u - 12 = -4*o, 2*u = 4*o + 6*u + 16. Suppose 0 = -o*n + 2*n